{"id":5567,"date":"2015-01-21T14:39:28","date_gmt":"2015-01-21T12:39:28","guid":{"rendered":"https:\/\/stefanmalsi.de\/blog\/?page_id=5567"},"modified":"2024-04-04T17:13:48","modified_gmt":"2024-04-04T15:13:48","slug":"begruessung","status":"publish","type":"page","link":"https:\/\/stefanmalsi.de\/blog\/begruessung","title":{"rendered":"Begr\u00fc\u00dfung"},"content":{"rendered":"<p><a href=\"https:\/\/stefanmalsi.de\/blog\/wp-content\/uploads\/2014\/11\/neueroeffnung-11-2014.jpg\"><img loading=\"lazy\" decoding=\"async\" class=\"alignnone size-full wp-image-8294\" src=\"https:\/\/stefanmalsi.de\/blog\/wp-content\/uploads\/2021\/08\/Stefan-Blog-01.jpg\" alt=\"\" width=\"750\" height=\"550\" \/><\/a><\/p>\n<h4 style=\"text-align: center;\"><em>Herzlich willkommen auf Stefan\u00b4s Blog!<\/em><\/h4>\n<p style=\"text-align: justify;\">Nachdem ich jahrelang auf \u00f6ffentlichen &#8222;Pl\u00e4tzen&#8220; im Internet geschrieben habe, freue ich mich, euch mit diesem Blog mein neues &#8222;Wohnzimmer&#8220; vorstellen zu d\u00fcrfen,\u00a0in dem ihr in Zukunft meine Gedanken finden werdet. Die im Oktober 2014 hier eingestellten Beitr\u00e4ge stammen aus den Jahren 2006 bis 2014 und dokumentieren meinen spirituellen Werdegang dieser Jahre.<\/p>\n<p style=\"text-align: justify;\">Wer sich gerne einen raschen\u00a0\u00dcberblick \u00fcber meine Denkwelt und meine Ziele machen m\u00f6chte, dem empfehle ich, meine kurze <strong>\u201eGeschwister-Scholl-Agenda\u201c<\/strong> zu lesen: \u00a0<strong><a href=\"https:\/\/stefanmalsi.de\/blog\/wp-content\/uploads\/2022\/08\/Geschwister-Scholl-Agenda-2022.pdf\" target=\"_blank\" rel=\"noopener\">Download Agenda<\/a><\/strong><\/p>\n<p style=\"text-align: justify;\">Bitte beachtet, dass die Postings hier im Stream in der Reihenfolge umgekehrt zum Erstellungsdatum angezeigt werden. Wer sie gerne in der Reihenfolge der Entstehung lesen m\u00f6chte, der sollte die gew\u00fcnschte Kategorie anklicken, nach unten scrollen und von &#8222;unten nach oben&#8220; lesen, oder aber im Bereich &gt;Download&lt; das Dokument mit den entsprechenden Postings \u00f6ffnen. Darin sind die Postings\u00a0in der Entstehungsreihenfolge von oben nach unten angeordnet.<\/p>\n<p>Viel Spa\u00df beim Lesen und Diskutieren!<\/p>\n<p>Januar 2015<\/p>\n<p>&nbsp;<\/p>\n<p style=\"text-align: justify;\"><a href=\"https:\/\/stefanmalsi.de\/blog\/wp-content\/uploads\/2014\/10\/Erntedank1.jpg\"><img loading=\"lazy\" decoding=\"async\" class=\"alignnone size-full wp-image-3998\" src=\"https:\/\/stefanmalsi.de\/blog\/wp-content\/uploads\/2014\/10\/Erntedank1.jpg\" alt=\"Erntedank1\" width=\"731\" height=\"74\" srcset=\"https:\/\/stefanmalsi.de\/blog\/wp-content\/uploads\/2014\/10\/Erntedank1.jpg 731w, https:\/\/stefanmalsi.de\/blog\/wp-content\/uploads\/2014\/10\/Erntedank1-624x63.jpg 624w\" sizes=\"auto, (max-width: 731px) 100vw, 731px\" \/><\/a><\/p>\n<p style=\"text-align: justify;\">Viele Menschen ahnen, dass sich auf unserer Welt etwas grundlegend \u00e4ndern muss damit die Menschen in Frieden und Freiheit miteinander leben k\u00f6nnen und unsere \u201eMutter Erde\u201c uns weiterhin tragen und ern\u00e4hren kann. Alle weltlichen Ideologien und dogmatischen Religionen sind gescheitert und so geht unser aller Hoffnung dahin, dass die Menschheit zu einem neuen Denken findet, ein Denken das aus dem Herzen kommt, ein Denken das der Liebe entspringt.<\/p>\n<p style=\"text-align: justify;\">Ich bin davon \u00fcberzeugt, dass die Menschheit sich auf dem Weg zu einem neuen Bewusstsein befindet und dass diese Entwicklung unsere Welt v\u00f6llig ver\u00e4ndern wird. Ab dem Jahr 2006 habe ich meine Gedanken und Erkenntnisse dazu in der Form von kleinen M\u00e4rchen, Zeitungsberichten und Postings aller Art im Internet ver\u00f6ffentlicht und die gelungensten\u00a0Artikel hier zusammen gestellt.<\/p>\n<p><img loading=\"lazy\" decoding=\"async\" class=\"alignnone size-full wp-image-8503\" src=\"https:\/\/stefanmalsi.de\/blog\/wp-content\/uploads\/2023\/06\/Texte-im-Ueberblick.jpg\" alt=\"\" width=\"672\" height=\"515\" \/><\/p>\n<p style=\"text-align: justify;\"><a href=\"https:\/\/stefanmalsi.de\/blog\/wp-content\/uploads\/2014\/10\/Erntedank2.jpg\"><img loading=\"lazy\" decoding=\"async\" class=\"alignnone size-full wp-image-3999\" src=\"https:\/\/stefanmalsi.de\/blog\/wp-content\/uploads\/2014\/10\/Erntedank2.jpg\" alt=\"Erntedank2\" width=\"730\" height=\"76\" srcset=\"https:\/\/stefanmalsi.de\/blog\/wp-content\/uploads\/2014\/10\/Erntedank2.jpg 730w, https:\/\/stefanmalsi.de\/blog\/wp-content\/uploads\/2014\/10\/Erntedank2-624x64.jpg 624w\" sizes=\"auto, (max-width: 730px) 100vw, 730px\" \/><\/a><\/p>\n<hr \/>\n<p style=\"text-align: justify;\">Mein Blog enth\u00e4lt Links zu externen Webseiten Dritter, auf deren Inhalte ich keinen Einfluss habe. Deshalb kann ich f\u00fcr diese fremden Inhalte auch keine Gew\u00e4hr \u00fcbernehmen.<\/p>\n","protected":false},"excerpt":{"rendered":"<p>Herzlich willkommen auf Stefan\u00b4s Blog! Nachdem ich jahrelang auf \u00f6ffentlichen &#8222;Pl\u00e4tzen&#8220; im Internet geschrieben habe, freue ich mich, euch mit diesem Blog mein neues &#8222;Wohnzimmer&#8220; vorstellen zu d\u00fcrfen,\u00a0in dem ihr in Zukunft meine Gedanken finden werdet. Die im Oktober 2014 hier eingestellten Beitr\u00e4ge stammen aus den Jahren 2006 bis 2014 und dokumentieren meinen spirituellen Werdegang &hellip; <a href=\"https:\/\/stefanmalsi.de\/blog\/begruessung\" class=\"more-link\"><span class=\"screen-reader-text\">Begr\u00fc\u00dfung<\/span> weiterlesen <span class=\"meta-nav\">&rarr;<\/span><\/a><\/p>\n","protected":false},"author":2,"featured_media":0,"parent":0,"menu_order":1,"comment_status":"closed","ping_status":"closed","template":"","meta":{"footnotes":""},"class_list":["post-5567","page","type-page","status-publish","hentry"],"jetpack_sharing_enabled":true,"_links":{"self":[{"href":"https:\/\/stefanmalsi.de\/blog\/wp-json\/wp\/v2\/pages\/5567","targetHints":{"allow":["GET"]}}],"collection":[{"href":"https:\/\/stefanmalsi.de\/blog\/wp-json\/wp\/v2\/pages"}],"about":[{"href":"https:\/\/stefanmalsi.de\/blog\/wp-json\/wp\/v2\/types\/page"}],"author":[{"embeddable":true,"href":"https:\/\/stefanmalsi.de\/blog\/wp-json\/wp\/v2\/users\/2"}],"replies":[{"embeddable":true,"href":"https:\/\/stefanmalsi.de\/blog\/wp-json\/wp\/v2\/comments?post=5567"}],"version-history":[{"count":8,"href":"https:\/\/stefanmalsi.de\/blog\/wp-json\/wp\/v2\/pages\/5567\/revisions"}],"predecessor-version":[{"id":8565,"href":"https:\/\/stefanmalsi.de\/blog\/wp-json\/wp\/v2\/pages\/5567\/revisions\/8565"}],"wp:attachment":[{"href":"https:\/\/stefanmalsi.de\/blog\/wp-json\/wp\/v2\/media?parent=5567"}],"curies":[{"name":"wp","href":"https:\/\/api.w.org\/{rel}","templated":true}]}}

Begrüßung

<p><a href="https://stefanmalsi.de/blog/wp-content/uploads/2014/11/neueroeffnung-11-2014.jpg"><img loading="lazy" decoding="async" class="alignnone size-full wp-image-8294" src="https://stefanmalsi.de/blog/wp-content/uploads/2021/08/Stefan-Blog-01.jpg" alt="" width="750" height="550" /></a></p>
<h4 style="text-align: center;"><em>Herzlich willkommen auf Stefan´s Blog!</em></h4>
<p style="text-align: justify;">Nachdem ich jahrelang auf öffentlichen &#8222;Plätzen&#8220; im Internet geschrieben habe, freue ich mich, euch mit diesem Blog mein neues &#8222;Wohnzimmer&#8220; vorstellen zu dürfen, in dem ihr in Zukunft meine Gedanken finden werdet. Die im Oktober 2014 hier eingestellten Beiträge stammen aus den Jahren 2006 bis 2014 und dokumentieren meinen spirituellen Werdegang dieser Jahre.</p>
<p style="text-align: justify;">Wer sich gerne einen raschen Überblick über meine Denkwelt und meine Ziele machen möchte, dem empfehle ich, meine kurze <strong>„Geschwister-Scholl-Agenda“</strong> zu lesen:  <strong><a href="https://stefanmalsi.de/blog/wp-content/uploads/2022/08/Geschwister-Scholl-Agenda-2022.pdf" target="_blank" rel="noopener">Download Agenda</a></strong></p>
<p style="text-align: justify;">Bitte beachtet, dass die Postings hier im Stream in der Reihenfolge umgekehrt zum Erstellungsdatum angezeigt werden. Wer sie gerne in der Reihenfolge der Entstehung lesen möchte, der sollte die gewünschte Kategorie anklicken, nach unten scrollen und von &#8222;unten nach oben&#8220; lesen, oder aber im Bereich &gt;Download&lt; das Dokument mit den entsprechenden Postings öffnen. Darin sind die Postings in der Entstehungsreihenfolge von oben nach unten angeordnet.</p>
<p>Viel Spaß beim Lesen und Diskutieren!</p>
<p>Januar 2015</p>
<p>&nbsp;</p>
<p style="text-align: justify;"><a href="https://stefanmalsi.de/blog/wp-content/uploads/2014/10/Erntedank1.jpg"><img loading="lazy" decoding="async" class="alignnone size-full wp-image-3998" src="https://stefanmalsi.de/blog/wp-content/uploads/2014/10/Erntedank1.jpg" alt="Erntedank1" width="731" height="74" srcset="https://stefanmalsi.de/blog/wp-content/uploads/2014/10/Erntedank1.jpg 731w, https://stefanmalsi.de/blog/wp-content/uploads/2014/10/Erntedank1-624x63.jpg 624w" sizes="auto, (max-width: 731px) 100vw, 731px" /></a></p>
<p style="text-align: justify;">Viele Menschen ahnen, dass sich auf unserer Welt etwas grundlegend ändern muss damit die Menschen in Frieden und Freiheit miteinander leben können und unsere „Mutter Erde“ uns weiterhin tragen und ernähren kann. Alle weltlichen Ideologien und dogmatischen Religionen sind gescheitert und so geht unser aller Hoffnung dahin, dass die Menschheit zu einem neuen Denken findet, ein Denken das aus dem Herzen kommt, ein Denken das der Liebe entspringt.</p>
<p style="text-align: justify;">Ich bin davon überzeugt, dass die Menschheit sich auf dem Weg zu einem neuen Bewusstsein befindet und dass diese Entwicklung unsere Welt völlig verändern wird. Ab dem Jahr 2006 habe ich meine Gedanken und Erkenntnisse dazu in der Form von kleinen Märchen, Zeitungsberichten und Postings aller Art im Internet veröffentlicht und die gelungensten Artikel hier zusammen gestellt.</p>
<p><img loading="lazy" decoding="async" class="alignnone size-full wp-image-8503" src="https://stefanmalsi.de/blog/wp-content/uploads/2023/06/Texte-im-Ueberblick.jpg" alt="" width="672" height="515" /></p>
<p style="text-align: justify;"><a href="https://stefanmalsi.de/blog/wp-content/uploads/2014/10/Erntedank2.jpg"><img loading="lazy" decoding="async" class="alignnone size-full wp-image-3999" src="https://stefanmalsi.de/blog/wp-content/uploads/2014/10/Erntedank2.jpg" alt="Erntedank2" width="730" height="76" srcset="https://stefanmalsi.de/blog/wp-content/uploads/2014/10/Erntedank2.jpg 730w, https://stefanmalsi.de/blog/wp-content/uploads/2014/10/Erntedank2-624x64.jpg 624w" sizes="auto, (max-width: 730px) 100vw, 730px" /></a></p>
<hr />
<p style="text-align: justify;">Mein Blog enthält Links zu externen Webseiten Dritter, auf deren Inhalte ich keinen Einfluss habe. Deshalb kann ich für diese fremden Inhalte auch keine Gewähr übernehmen.</p>

<p>Herzlich willkommen auf Stefan´s Blog! Nachdem ich jahrelang auf öffentlichen &#8222;Plätzen&#8220; im Internet geschrieben habe, freue ich mich, euch mit diesem Blog mein neues &#8222;Wohnzimmer&#8220; vorstellen zu dürfen, in dem ihr in Zukunft meine Gedanken finden werdet. Die im Oktober 2014 hier eingestellten Beiträge stammen aus den Jahren 2006 bis 2014 und dokumentieren meinen spirituellen Werdegang &hellip; <a href="https://stefanmalsi.de/blog/begruessung" class="more-link"><span class="screen-reader-text">Begrüßung</span> weiterlesen <span class="meta-nav">&rarr;</span></a></p>
